 16
21f
What is -860 (base 15) in base 16?
-762
-266 (base 7) to base 14
-a6
What is -42080 (base 9) in base 2?
-110110001111110
What is -10803 (base 15) in base 12?
-26410
-110100010 (base 2) to base 13
-262
What is 32053 (base 6) in base 2?
1000100000001
-21a (base 15) to base 7
-1246
Convert 11043 (base 5) to base 7.
2153
What is 1ad (base 14) in base 10?
349
Convert -5637 (base 11) to base 7.
-30431
Convert -1000101110 (base 2) to base 5.
-4213
Convert -424120 (base 5) to base 10.
-14285
-291d (base 14) to base 7
-30136
-4275 (base 11) to base 15
-1a18
What is 232013 (base 4) in base 5?
43301
Convert 42081 (base 10) to base 15.
c706
2a80 (base 13) to base 7
24020
Convert 464 (base 13) to base 12.
532
47240 (base 10) to base 13
1866b
Convert 144123 (base 7) to base 14.
a213
Convert 33d (base 14) to base 3.
212211
Convert 1c55 (base 13) to base 11.
3255
21120120 (base 3) to base 9
7516
What is 1542 (base 8) in base 5?
11431
584 (base 11) to base 14
37b
-a51 (base 15) to base 9
-3164
Convert 1210 (base 9) to base 8.
1604
Convert 23000 (base 4) to base 9.
862
What is -12524 (base 7) in base 4?
-310112
4237 (base 10) to base 13
1c0c
Convert -6341 (base 7) to base 13.
-102b
-691 (base 14) to base 16
-517
Convert a5e4 (base 16) to base 8.
122744
What is -9 (base 12) in base 13?
-9
Convert 100011001 (base 2) to base 16.
119
What is -1020022 (base 3) in base 10?
-899
743c (base 13) to base 9
24075
What is 100 (base 4) in base 12?
14
What is 5fc (base 16) in base 14?
7b6
What is 1a37 (base 12) in base 14?
1255
What is 69a9 (base 12) in base 11?
8951
Convert cbc (base 13) to base 2.
100010000111
What is -1111221 (base 3) in base 6?
-5041
Convert -13a9 (base 12) to base 15.
-a29
3401 (base 13) to base 11
5508
What is 53a (base 16) in base 14?
6b8
-321032 (base 4) to base 16
-e4e
23102 (base 4) to base 16
2d2
Convert 3067 (base 14) to base 2.
10000010000011
Convert 104330 (base 5) to base 16.
e83
59af (base 16) to base 13
a5b1
What is -3aa (base 15) in base 9?
-1127
What is 59258 (base 11) in base 16?
14df1
Convert -122 (base 6) to base 11.
-46
202021 (base 3) to base 10
547
-44412 (base 7) to base 14
-4109
Convert -5313 (base 12) to base 7.
-35331
What is 51aa (base 14) in base 7?
56003
What is -410021 (base 6) in base 2?
-111111010011101
-3db (base 15) to base 13
-52a
-81678 (base 9) to base 5
-3210044
-205 (base 7) to base 5
-403
-60300 (base 8) to base 5
-1243033
Convert 189 (base 15) to base 6.
1350
What is 122122 (base 4) in base 16?
69a
Convert -244 (base 9) to base 4.
-3022
Convert 6762 (base 9) to base 16.
1385
What is 120121 (base 3) in base 7?
1141
Convert -5461 (base 9) to base 13.
-1aa7
What is -972 (base 14) in base 3?
-2120001
What is 303 (base 11) in base 8?
556
What is -32303 (base 5) in base 9?
-3017
4144 (base 8) to base 11
1683
What is -98 (base 16) in base 7?
-305
-3449 (base 11) to base 7
-16131
Convert -2101 (base 7) to base 2.
-1011100000
-12341 (base 7) to base 10
-3263
What is 40225 (base 6) in base 12?
3075
What is -5a (base 11) in base 16?
-41
-11001011111 (base 2) to base 11
-1253
Convert -1848 (base 15) to base 3.
-21012012
4761 (base 10) to base 4
1022121
Convert -21b7 (base 14) to base 2.
-1011011010101
-2120110 (base 3) to base 10
-1875
Convert -100011100 (base 2) to base 11.
-239
What is 210100 (base 4) in base 7?
6523
What is -2530 (base 12) in base 4?
-1001310
-3313 (base 5) to base 16
-1ca
-352c (base 13) to base 11
-5685
Convert -8033 (base 11) to base 2.
-10100110111100
Convert -133377 (base 8) to base 3.
-2101021002
What is -61 (base 11) in base 7?
-124
-e96 (base 15) to base 8
-6333
What is 5 (base 6) in base 12?
5
What is 3384 (base 11) in base 2?
1000101100000
Convert 16 (base 7) to base 6.
21
What is 62 (base 10) in base 8?
76
Convert 1265 (base 16) to base 2.
1001001100101
What is 1221000 (base 3) in base 16?
57c
866 (base 10) to base 8
1542
What is -176 (base 12) in base 13?
-150
What is -17b3 (base 15) in base 16?
-13fe
What is -1010111110 (base 2) in base 3?
-222000
What is -251 (base 13) in base 8?
-624
Convert -4ce2 (base 15) to base 8.
-40034
What is -15742 (base 10) in base 2?
-11110101111110
What is 16a (base 16) in base 10?
362
-103113 (base 5) to base 6
-24205
Convert 1111121 (base 3) to base 16.
448
-d14 (base 14) to base 16
-a06
-233032 (base 5) to base 16
-2145
Convert -3662 (base 10) to base 12.
-2152
-1010111001101 (base 2) to base 9
-7581
What is -d41 (base 16) in base 8?
-6501
-bbb5 (base 12) to base 2
-101000011111001
35273 (base 10) to base 6
431145
66b6 (base 12) to base 6
124350
-227 (base 13) to base 4
-11303
Convert 818 (base 11) to base 7.
2610
What is b4 (base 12) in base 8?
210
What is -61373 (base 9) in base 6?
-511020
-201024 (base 5) to base 14
-2485
3d8 (base 14) to base 2
1100001010
What is 43 (base 15) in base 8?
77
-131220 (base 4) to base 9
-2536
What is -476 (base 12) in base 11?
-556
Convert -340 (base 11) to base 15.
-1c2
Convert -52604 (base 10) to base 5.
-3140404
What is 210020 (base 3) in base 10?
573
Convert 1201200 (base 3) to base 5.
20020
What is 102202000 (base 3) in base 15?
2809
-362c (base 14) to base 9
-13857
Convert 34032 (base 5) to base 6.
15024
-22030 (base 4) to base 3
-220011
What is 2300 (base 10) in base 12?
13b8
Convert 188 (base 9) to base 4.
2201
Convert -331 (base 9) to base 2.
-100001111
What is -98a (base 14) in base 9?
-2525
Convert -1bb8 (base 15) to base 11.
-4586
Convert 58 (base 14) to base 15.
53
Convert -26274 (base 9) to base 15.
-53ba
-213 (base 16) to base 3
-201200
-10554 (base 7) to base 13
-12b7
Convert -41261 (base 8) to base 12.
-9a69
What is 51f (base 16) in base 6?
10023
1841 (base 12) to base 10
2929
234 (base 6) to base 7
163
Convert 29831 (base 12) to base 16.
e365
Convert 1200001112 (base 3) to base 4.
20001032
Convert 12524 (base 8) to base 14.
1dc0
What is -10110111 (base 2) in base 7?
-351
Convert -43 (base 11) to base 13.
-38
What is -4542 (base 11) in base 10?
-5975
-34236 (base 9) to base 15
-6b49
-ac9 (base 14) to base 7
-6142
-16462 (base 11) to base 6
-255151
What is 10003 (base 10) in base 9?
14644
-190a3 (base 12) to base 16
-8e3b
-734 (base 13) to base 10
-1226
542 (base 12) to base 10
770
-5203 (base 10) to base 15
-181d
Convert 1512 (base 12) to base 15.
ae2
What is 742 (base 9) in base 8?
1135
What is 110001110 (base 2) in base 9?
482
Convert -1111101 (base 2) to base 12.
-a5
Convert 47643 (base 9) to base 3.
1121201110
What is -2434 (base 6) in base 16?
-256
324 (base 12) to base 3
122001
-3031330 (base 4) to base 15
-3d8a
1111210002 (base 3) to base 8
72041
Convert -257 (base 10) to base 8.
-401
What is 741 (base 13) in base 3?
1200210
What is -101123 (base 4) in base 15?
-4e5
e (base 15) to base 14
10
What is 1c23 (base 14) in base 10?
5127
Convert 100011100100 (base 2) to base 4.
203210
Convert 1a7b6 (base 12) to base 8.
114372
14111 (base 7) to base 8
7366
What is 1911a (base 11) in base 12?
135a2
Convert ac (base 14) to base 11.
129
What is -12bb (base 12) in base 15?
-98e
Convert 3171 (base 12) to base 15.
190d
-10100110 (base 2) to base 10
-166
-2133201 (base 5) to base 8
-107504
What is 2133030 (base 4) in base 14?
39da
14123 (base 6) to base 14
b3d
16a67 (base 12) to base 4
13331233
What is 1111001011001 (base 2) in base 12?
45b5
What is 30454 (base 6) in base 12?
242a
1004322 (base 5) to base 11
111a9
-6854 (base 14) to base 9
-26747
220333 (base 4) to base 14
d55
-1003b (base 12) to base 8
-50457
What is 1011000010 (base 2) in base 3?
222011
Convert -104623 (base 7) to base 3.
-221100211
16471 (base 8) to base 7
30545
What is -2568 (base 15) in base 14?
-2c97
What is 11540 (base 11) in base 3?
211210121
What is -8914 (base 10) in base 5?
-241124
Convert -21310 (base 8) to base 16.
-22c8
What is -14ba (base 12) in base 14?
-c6a
101101111110 (base 2) to base 15
d12
Convert -5204 (base 14) to base 12.
-8204
What is 546 (base 8) in base 15?
18d
Convert -4641 (base 16) to base 2.
-100011001000001
709 (base 11) to base 15
3c1
Convert 35191 (base 10) to base 15.
a661
2887 (base 13) to base 6
43041
Convert -723 (base 12) to base 10.
-1035
-1300 (base 9) to base 3
-1100000
349 (base 15) to base 4
23220
Convert -3c12 (base 15) to base 8.
-31052
-1640 (base 10) to base 13
-992
11497 (base 10) to base 7
4